{"id":127,"date":"2022-08-16T04:32:33","date_gmt":"2022-08-16T04:32:33","guid":{"rendered":"https:\/\/vampirocandidato.zimmdigital.com.br\/?page_id=127"},"modified":"2022-08-18T05:24:18","modified_gmt":"2022-08-18T05:24:18","slug":"inicio-2","status":"publish","type":"page","link":"https:\/\/vampirocandidato.zimmdigital.com.br\/","title":{"rendered":"IN\u00cdCIO 2"},"content":{"rendered":"<style>\/*! elementor - v3.7.1 - 14-08-2022 *\/\n.elementor-widget-image{text-align:center}.elementor-widget-image a{display:inline-block}.elementor-widget-image a img[src$=\".svg\"]{width:48px}.elementor-widget-image img{vertical-align:middle;display:inline-block}<\/style>\n<p>\t\t\t\t\t\t\t\t\t\t\t\t<img decoding=\"async\" width=\"850\" height=\"561\" src=\"https:\/\/vampirocandidato.zimmdigital.com.br\/wp-content\/uploads\/2022\/08\/Logo_Vampiro_COR-NUMERO-1.webp\" alt=\"\" loading=\"lazy\" srcset=\"https:\/\/vampirocandidato.zimmdigital.com.br\/wp-content\/uploads\/2022\/08\/Logo_Vampiro_COR-NUMERO-1.webp 850w, https:\/\/vampirocandidato.zimmdigital.com.br\/wp-content\/uploads\/2022\/08\/Logo_Vampiro_COR-NUMERO-1-300x198.webp 300w, https:\/\/vampirocandidato.zimmdigital.com.br\/wp-content\/uploads\/2022\/08\/Logo_Vampiro_COR-NUMERO-1-768x507.webp 768w\" sizes=\"(max-width: 850px) 100vw, 850px\" \/><br \/>\n\t\t\t\t\t\t\t\t\t\t\t\t\t\t\t<img decoding=\"async\" width=\"1080\" height=\"248\" src=\"https:\/\/vampirocandidato.zimmdigital.com.br\/wp-content\/uploads\/2022\/08\/moises-logo.webp\" alt=\"\" loading=\"lazy\" srcset=\"https:\/\/vampirocandidato.zimmdigital.com.br\/wp-content\/uploads\/2022\/08\/moises-logo.webp 1080w, https:\/\/vampirocandidato.zimmdigital.com.br\/wp-content\/uploads\/2022\/08\/moises-logo-300x69.webp 300w, https:\/\/vampirocandidato.zimmdigital.com.br\/wp-content\/uploads\/2022\/08\/moises-logo-1024x235.webp 1024w, https:\/\/vampirocandidato.zimmdigital.com.br\/wp-content\/uploads\/2022\/08\/moises-logo-768x176.webp 768w\" sizes=\"(max-width: 1080px) 100vw, 1080px\" \/><br \/>\n\t\t\t\t\t\t\t\t\t\t\t\t\t\t\t<img decoding=\"async\" width=\"1094\" height=\"121\" src=\"https:\/\/vampirocandidato.zimmdigital.com.br\/wp-content\/uploads\/2022\/08\/titulo-educacao.webp\" alt=\"\" loading=\"lazy\" srcset=\"https:\/\/vampirocandidato.zimmdigital.com.br\/wp-content\/uploads\/2022\/08\/titulo-educacao.webp 1094w, https:\/\/vampirocandidato.zimmdigital.com.br\/wp-content\/uploads\/2022\/08\/titulo-educacao-300x33.webp 300w, https:\/\/vampirocandidato.zimmdigital.com.br\/wp-content\/uploads\/2022\/08\/titulo-educacao-1024x113.webp 1024w, https:\/\/vampirocandidato.zimmdigital.com.br\/wp-content\/uploads\/2022\/08\/titulo-educacao-768x85.webp 768w\" sizes=\"(max-width: 1094px) 100vw, 1094px\" \/><br \/>\n\t\t\t\t\t\t\t\t\t\t\t\t\t\t\t<img decoding=\"async\" width=\"1080\" height=\"1023\" src=\"https:\/\/vampirocandidato.zimmdigital.com.br\/wp-content\/uploads\/2022\/08\/Foto-Vampiro-moises.webp\" alt=\"\" loading=\"lazy\" srcset=\"https:\/\/vampirocandidato.zimmdigital.com.br\/wp-content\/uploads\/2022\/08\/Foto-Vampiro-moises.webp 1080w, https:\/\/vampirocandidato.zimmdigital.com.br\/wp-content\/uploads\/2022\/08\/Foto-Vampiro-moises-300x284.webp 300w, https:\/\/vampirocandidato.zimmdigital.com.br\/wp-content\/uploads\/2022\/08\/Foto-Vampiro-moises-1024x970.webp 1024w, https:\/\/vampirocandidato.zimmdigital.com.br\/wp-content\/uploads\/2022\/08\/Foto-Vampiro-moises-768x727.webp 768w\" sizes=\"(max-width: 1080px) 100vw, 1080px\" \/><br \/>\n\t\thttps:\/\/www.youtube.com\/watch?v=XHOmBV4js_Ehttps:\/\/www.youtube.com\/watch?v=XHOmBV4js_E\t\t<\/p>\n<style>\/*! elementor - v3.7.1 - 14-08-2022 *\/\n.elementor-heading-title{padding:0;margin:0;line-height:1}.elementor-widget-heading .elementor-heading-title[class*=elementor-size-]>a{color:inherit;font-size:inherit;line-height:inherit}.elementor-widget-heading .elementor-heading-title.elementor-size-small{font-size:15px}.elementor-widget-heading .elementor-heading-title.elementor-size-medium{font-size:19px}.elementor-widget-heading .elementor-heading-title.elementor-size-large{font-size:29px}.elementor-widget-heading .elementor-heading-title.elementor-size-xl{font-size:39px}.elementor-widget-heading .elementor-heading-title.elementor-size-xxl{font-size:59px}<\/style>\n<h2>QUEM \u00c9 O VAMPIRO?<\/h2>\n<p>\t\t<strong>Luiz Fernando Cardoso<\/strong>, carinhosamente apelidado de <strong>Vampiro<\/strong>, na inf\u00e2ncia, \u00e9 um gestor nato. Advogado por forma\u00e7\u00e3o, pol\u00edtico por voca\u00e7\u00e3o, o <strong>deputado Vampiro<\/strong> deixa sua marca por onde passa.Na Secretaria de Estado da Educa\u00e7\u00e3o enfrentou a pandemia e garantiu a volta do ensino presencial com seguran\u00e7a em Santa Catarina. \u00a0Valorizou professores, reformou mais de 90% das Escolas estaduais, entregou quadras cobertas, \u00f4nibus escolares, \u00a0notebooks para os professores, bolsas de ensino superior e aux\u00edlio financeiro para estudantes carentes.<\/p>\n<p>Foram 10 anos de avan\u00e7os em apenas um!<\/p>\n<p>Deputado estadual, em seu segundo mandato, casado com a <strong>Elisiane<\/strong>, pai da <strong>Maria Fernanda<\/strong>, criciumense e acima de tudo um catarinense comprometido.<\/p>\n<p><strong>Luiz Fernando VAMPIRO<\/strong>, agora \u00e9 candidato a deputado federal. <strong>Com ele Santa Catarina ter\u00e1 um olhar ainda mais diferenciado para a Educa\u00e7\u00e3o<\/strong>.<\/p>\n<p>\t\t\t\t\t\t\t\t\t\t\t\t\t\t\t<img decoding=\"async\" width=\"594\" height=\"900\" src=\"https:\/\/vampirocandidato.zimmdigital.com.br\/wp-content\/uploads\/2022\/08\/Foto-Vampiro-3-1.webp\" alt=\"\" loading=\"lazy\" srcset=\"https:\/\/vampirocandidato.zimmdigital.com.br\/wp-content\/uploads\/2022\/08\/Foto-Vampiro-3-1.webp 594w, https:\/\/vampirocandidato.zimmdigital.com.br\/wp-content\/uploads\/2022\/08\/Foto-Vampiro-3-1-198x300.webp 198w\" sizes=\"(max-width: 594px) 100vw, 594px\" \/>\t\t\t\t\t\t\t\t\t\t\t\t\t\t\t<\/p>\n<h2>VAMPIRO<\/h2>\n<h2>NA EDUCA\u00c7\u00c3O<\/h2>\n<p>\t\t\t\t0<\/p>\n<p>\n\t\t\t\t\t\tEscolas com melhorias de infraestrutura\t\t\t\t\t<\/p>\n<p>\t\t\t\t0<\/p>\n<p>\n\t\t\t\t\t\t\u00d4nibus escolares\t\t\t\t\t<\/p>\n<p>\t\t\t\t0<\/p>\n<p>\n\t\t\t\t\t\tNovos efetivos empossados\t\t\t\t\t<\/p>\n<p>\t\t\t\t\t\t\t\t\tR$<br \/>\n\t\t\t\t0<br \/>\n\t\t\t\t\t\t\t\t\tmil<\/p>\n<p>\n\t\t\t\t\t\tDe sal\u00e1rio para os professores, 20% a 56% de reajuste\t\t\t\t\t<\/p>\n<p>\t\t\t\t\t\t\t\t\t\t\t\t\t\t\t<img decoding=\"async\" width=\"993\" height=\"853\" src=\"https:\/\/vampirocandidato.zimmdigital.com.br\/wp-content\/uploads\/2022\/08\/Foto-Vampiro-B.webp\" alt=\"\" loading=\"lazy\" srcset=\"https:\/\/vampirocandidato.zimmdigital.com.br\/wp-content\/uploads\/2022\/08\/Foto-Vampiro-B.webp 993w, https:\/\/vampirocandidato.zimmdigital.com.br\/wp-content\/uploads\/2022\/08\/Foto-Vampiro-B-300x258.webp 300w, https:\/\/vampirocandidato.zimmdigital.com.br\/wp-content\/uploads\/2022\/08\/Foto-Vampiro-B-768x660.webp 768w\" sizes=\"(max-width: 993px) 100vw, 993px\" \/><br \/>\n\t\t\t\t0<br \/>\n\t\t\t\t\t\t\t\t\tmil<\/p>\n<p>\n\t\t\t\t\t\tNotebooks para os professores\t\t\t\t\t<\/p>\n<p>\t\t\t\t0<br \/>\n\t\t\t\t\t\t\t\t\tmil<\/p>\n<p>\n\t\t\t\t\t\tBolsas para universit\u00e1rios\t\t\t\t\t<\/p>\n<p>\t\t\t\t0<br \/>\n\t\t\t\t\t\t\t\t\tmil<\/p>\n<p>\n\t\t\t\t\t\tAlunos com bolsas do Ensino M\u00e9dio\t\t\t\t\t<\/p>\n<p>\t\t\t\t\t\t\t\t\tR$<br \/>\n\t\t\t\t0<br \/>\n\t\t\t\t\t\t\t\t\tmi<\/p>\n<p>\n\t\t\t\t\t\tInvestidos na Educa\u00e7\u00e3o Municipal\t\t\t\t\t<\/p>\n<h2>VAMPIRO<\/h2>\n<h2>1500<\/h2>\n<p>ELE J\u00c1 FEZ PELAS CIDADES E POR TODA NOSSA GENTE! <br \/>AGORA VAI REALIZAR MAIS! DEPUTADO FEDERAL<\/p>\n<p>Em <strong>SANTA CATARINA<\/strong>,<\/p>\n<p><strong>COM O VAMPIRO<\/strong>, agora \u00e9 assim:<\/p>\n<p>\t\t\t\t\t\t\t\t\t\t\t\t\t\t\t<img decoding=\"async\" width=\"600\" height=\"450\" src=\"https:\/\/vampirocandidato.zimmdigital.com.br\/wp-content\/uploads\/2022\/08\/notebooks-vampiro.webp\" alt=\"\" loading=\"lazy\" srcset=\"https:\/\/vampirocandidato.zimmdigital.com.br\/wp-content\/uploads\/2022\/08\/notebooks-vampiro.webp 600w, https:\/\/vampirocandidato.zimmdigital.com.br\/wp-content\/uploads\/2022\/08\/notebooks-vampiro-300x225.webp 300w\" sizes=\"(max-width: 600px) 100vw, 600px\" \/><br \/>\n\t\tTodo professor da rede estadual tem notebook moderno e novinho para trabalhar\n\t\t\t<link rel=\"stylesheet\" href=\"https:\/\/vampirocandidato.zimmdigital.com.br\/wp-content\/plugins\/elementor\/assets\/css\/widget-icon-box.min.css\">\n<h3>\n\t\t\t\t\t\t30 mil notebooks para os professores<br \/>\n\t\t\t\t<\/h3>\n<p>\t\t\t\t\t\t\t\t\t\t\t\t\t\t\t<img decoding=\"async\" width=\"620\" height=\"465\" src=\"https:\/\/vampirocandidato.zimmdigital.com.br\/wp-content\/uploads\/2022\/08\/onibus-escolar-vampiro.webp\" alt=\"\" loading=\"lazy\" srcset=\"https:\/\/vampirocandidato.zimmdigital.com.br\/wp-content\/uploads\/2022\/08\/onibus-escolar-vampiro.webp 620w, https:\/\/vampirocandidato.zimmdigital.com.br\/wp-content\/uploads\/2022\/08\/onibus-escolar-vampiro-300x225.webp 300w\" sizes=\"(max-width: 620px) 100vw, 620px\" \/>\t\t\t\t\t\t\t\t\t\t\t\t\t\t\t<\/p>\n<p>325 novos \u00f4nibus com acessibilidade para o transporte escolar<\/p>\n<h3>\n\t\t\t\t\t\tR$ 94 milh\u00f5es investidos, um para cada cidade<br \/>\n\t\t\t\t<\/h3>\n<p>\t\t\t\t\t\t\t\t\t\t\t\t\t\t\t<img decoding=\"async\" width=\"600\" height=\"450\" src=\"https:\/\/vampirocandidato.zimmdigital.com.br\/wp-content\/uploads\/2022\/08\/mnina.webp\" alt=\"\" loading=\"lazy\" srcset=\"https:\/\/vampirocandidato.zimmdigital.com.br\/wp-content\/uploads\/2022\/08\/mnina.webp 600w, https:\/\/vampirocandidato.zimmdigital.com.br\/wp-content\/uploads\/2022\/08\/mnina-300x225.webp 300w\" sizes=\"(max-width: 600px) 100vw, 600px\" \/>\t\t\t\t\t\t\t\t\t\t\t\t\t\t\t<\/p>\n<p>57 mil bolsas de estudos para alunos do ensino m\u00e9dio, com auxilio anual de R$ 6.250<\/p>\n<h3>\n\t\t\t\t\t\tlugar de aluno \u00e9 na escola<br \/>\n\t\t\t\t<\/h3>\n<p>\t\t\t\t\t\t\t\t\t\t\t\t\t\t\t<img decoding=\"async\" width=\"800\" height=\"758\" src=\"https:\/\/vampirocandidato.zimmdigital.com.br\/wp-content\/uploads\/2022\/08\/Foto-Vampiro-moises-1-1024x970.webp\" alt=\"\" loading=\"lazy\" srcset=\"https:\/\/vampirocandidato.zimmdigital.com.br\/wp-content\/uploads\/2022\/08\/Foto-Vampiro-moises-1-1024x970.webp 1024w, https:\/\/vampirocandidato.zimmdigital.com.br\/wp-content\/uploads\/2022\/08\/Foto-Vampiro-moises-1-300x284.webp 300w, https:\/\/vampirocandidato.zimmdigital.com.br\/wp-content\/uploads\/2022\/08\/Foto-Vampiro-moises-1-768x727.webp 768w, https:\/\/vampirocandidato.zimmdigital.com.br\/wp-content\/uploads\/2022\/08\/Foto-Vampiro-moises-1.webp 1080w\" sizes=\"(max-width: 800px) 100vw, 800px\" \/>\t\t\t\t\t\t\t\t\t\t\t\t\t\t\t<\/p>\n<h3>\n\t\t\t\t\t\t30 mil notebooks para os professores<br \/>\n\t\t\t\t<\/h3>\n<p>\t\t\t\t\t\t\t\t\t\t\t\t\t\t\t<img decoding=\"async\" width=\"600\" height=\"450\" src=\"https:\/\/vampirocandidato.zimmdigital.com.br\/wp-content\/uploads\/2022\/08\/notebooks-vampiro.webp\" alt=\"\" loading=\"lazy\" srcset=\"https:\/\/vampirocandidato.zimmdigital.com.br\/wp-content\/uploads\/2022\/08\/notebooks-vampiro.webp 600w, https:\/\/vampirocandidato.zimmdigital.com.br\/wp-content\/uploads\/2022\/08\/notebooks-vampiro-300x225.webp 300w\" sizes=\"(max-width: 600px) 100vw, 600px\" \/><br \/>\n\t\tTodo professor da rede estadual tem notebook moderno e novinho para trabalhar\t\t<\/p>\n<h3>\n\t\t\t\t\t\t30 mil notebooks para os professores<br \/>\n\t\t\t\t<\/h3>\n<p>\t\t\t\t\t\t\t\t\t\t\t\t\t\t\t<img decoding=\"async\" width=\"620\" height=\"465\" src=\"https:\/\/vampirocandidato.zimmdigital.com.br\/wp-content\/uploads\/2022\/08\/onibus-escolar-vampiro.webp\" alt=\"\" loading=\"lazy\" srcset=\"https:\/\/vampirocandidato.zimmdigital.com.br\/wp-content\/uploads\/2022\/08\/onibus-escolar-vampiro.webp 620w, https:\/\/vampirocandidato.zimmdigital.com.br\/wp-content\/uploads\/2022\/08\/onibus-escolar-vampiro-300x225.webp 300w\" sizes=\"(max-width: 620px) 100vw, 620px\" \/>\t\t\t\t\t\t\t\t\t\t\t\t\t\t\t<\/p>\n<p>325 novos \u00f4nibus com acessibilidade para o transporte escolar<\/p>\n<h3>\n\t\t\t\t\t\tR$ 94 milh\u00f5es investidos, um para cada cidade<br \/>\n\t\t\t\t<\/h3>\n<p>\t\t\t\t\t\t\t\t\t\t\t\t\t\t\t<img decoding=\"async\" width=\"600\" height=\"450\" src=\"https:\/\/vampirocandidato.zimmdigital.com.br\/wp-content\/uploads\/2022\/08\/mnina.webp\" alt=\"\" loading=\"lazy\" srcset=\"https:\/\/vampirocandidato.zimmdigital.com.br\/wp-content\/uploads\/2022\/08\/mnina.webp 600w, https:\/\/vampirocandidato.zimmdigital.com.br\/wp-content\/uploads\/2022\/08\/mnina-300x225.webp 300w\" sizes=\"(max-width: 600px) 100vw, 600px\" \/>\t\t\t\t\t\t\t\t\t\t\t\t\t\t\t<\/p>\n<p>57 mil bolsas de estudos para alunos do ensino m\u00e9dio, com auxilio anual de R$ 6.250<\/p>\n<h3>\n\t\t\t\t\t\tlugar de aluno \u00e9 na escola<br \/>\n\t\t\t\t<\/h3>\n<h2>Como votar nas Elei\u00e7\u00f5es 2022<\/h2>\n<p>NESTAS ELEI\u00c7\u00d5ES VOC\u00ca IR\u00c1 VOTAR NA SEQU\u00caNCIA INDICADA AO LADO.<\/p>\n<p>\t\t\t\t\t\t\t\t\t\t\t\t\t\t\t<img decoding=\"async\" width=\"800\" height=\"393\" src=\"https:\/\/vampirocandidato.zimmdigital.com.br\/wp-content\/uploads\/2022\/08\/IMAGEM-2-PNG.png\" alt=\"\" loading=\"lazy\" srcset=\"https:\/\/vampirocandidato.zimmdigital.com.br\/wp-content\/uploads\/2022\/08\/IMAGEM-2-PNG.png 814w, https:\/\/vampirocandidato.zimmdigital.com.br\/wp-content\/uploads\/2022\/08\/IMAGEM-2-PNG-300x147.png 300w, https:\/\/vampirocandidato.zimmdigital.com.br\/wp-content\/uploads\/2022\/08\/IMAGEM-2-PNG-768x377.png 768w\" sizes=\"(max-width: 800px) 100vw, 800px\" \/>\t\t\t\t\t\t\t\t\t\t\t\t\t\t\t<\/p>\n<p>Para concluir o voto, ap\u00f3s digitar a sequ\u00eancia de n\u00fameros do seu candidato, aguarde surgir a foto na tela e ent\u00e3o aperte o bot\u00e3o verde:<\/p>\n<style>\/*! elementor - v3.7.1 - 14-08-2022 *\/\n.elementor-toggle{text-align:left}.elementor-toggle .elementor-tab-title{font-weight:700;line-height:1;margin:0;padding:15px;border-bottom:1px solid #d4d4d4;cursor:pointer;outline:none}.elementor-toggle .elementor-tab-title .elementor-toggle-icon{display:inline-block;width:1em}.elementor-toggle .elementor-tab-title .elementor-toggle-icon svg{-webkit-margin-start:-5px;margin-inline-start:-5px;width:1em;height:1em}.elementor-toggle .elementor-tab-title .elementor-toggle-icon.elementor-toggle-icon-right{float:right;text-align:right}.elementor-toggle .elementor-tab-title .elementor-toggle-icon.elementor-toggle-icon-left{float:left;text-align:left}.elementor-toggle .elementor-tab-title .elementor-toggle-icon .elementor-toggle-icon-closed{display:block}.elementor-toggle .elementor-tab-title .elementor-toggle-icon .elementor-toggle-icon-opened{display:none}.elementor-toggle .elementor-tab-title.elementor-active{border-bottom:none}.elementor-toggle .elementor-tab-title.elementor-active .elementor-toggle-icon-closed{display:none}.elementor-toggle .elementor-tab-title.elementor-active .elementor-toggle-icon-opened{display:block}.elementor-toggle .elementor-tab-content{padding:15px;border-bottom:1px solid #d4d4d4;display:none}@media (max-width:767px){.elementor-toggle .elementor-tab-title{padding:12px}.elementor-toggle .elementor-tab-content{padding:12px 10px}}.e-container>.elementor-widget-toggle{width:var(--container-widget-width,100%)}<\/style>\n<p>\t\t\t\t\t\t\t\t\t\t\t\t<a href=\"\">DEPUTADO FEDERAL<\/a><\/p>\n<p>1500<\/p>\n<p>\t\t\t\t\t\t\t\t\t\t\t\t<a href=\"\">DEPUTADO FEDERAL<\/a><\/p>\n<p>1500<\/p>\n<p>\t\t\t\t\t\t\t\t\t\t\t\t<a href=\"\">DEPUTADO FEDERAL<\/a><\/p>\n<p>1500<\/p>\n<p>\t\t\t\t\t\t\t\t\t\t\t\t<a href=\"\">DEPUTADO FEDERAL<\/a><\/p>\n<p>1500<\/p>\n<p>\t\t\t\t\t\t\t\t\t\t\t\t\t\t\t<img decoding=\"async\" width=\"594\" height=\"900\" src=\"https:\/\/vampirocandidato.zimmdigital.com.br\/wp-content\/uploads\/2022\/08\/Foto-Vampiro-3.webp\" alt=\"\" loading=\"lazy\" srcset=\"https:\/\/vampirocandidato.zimmdigital.com.br\/wp-content\/uploads\/2022\/08\/Foto-Vampiro-3.webp 594w, https:\/\/vampirocandidato.zimmdigital.com.br\/wp-content\/uploads\/2022\/08\/Foto-Vampiro-3-198x300.webp 198w\" sizes=\"(max-width: 594px) 100vw, 594px\" \/><\/p>\n","protected":false},"excerpt":{"rendered":"<p>https:\/\/www.youtube.com\/watch?v=XHOmBV4js_Ehttps:\/\/www.youtube.com\/watch?v=XHOmBV4js_E QUEM \u00c9 O VAMPIRO? Luiz Fernando Cardoso, carinhosamente apelidado de Vampiro, na inf\u00e2ncia, \u00e9 um gestor nato. Advogado por forma\u00e7\u00e3o, pol\u00edtico por voca\u00e7\u00e3o, o deputado Vampiro deixa sua marca por onde passa.Na Secretaria de Estado da Educa\u00e7\u00e3o enfrentou a pandemia e garantiu a volta do ensino presencial com seguran\u00e7a em Santa Catarina. \u00a0Valorizou professores, [&hellip;]<\/p>\n","protected":false},"author":1,"featured_media":0,"parent":0,"menu_order":0,"comment_status":"closed","ping_status":"open","template":"elementor_header_footer","meta":{"footnotes":""},"_links":{"self":[{"href":"https:\/\/vampirocandidato.zimmdigital.com.br\/index.php\/wp-json\/wp\/v2\/pages\/127"}],"collection":[{"href":"https:\/\/vampirocandidato.zimmdigital.com.br\/index.php\/wp-json\/wp\/v2\/pages"}],"about":[{"href":"https:\/\/vampirocandidato.zimmdigital.com.br\/index.php\/wp-json\/wp\/v2\/types\/page"}],"author":[{"embeddable":true,"href":"https:\/\/vampirocandidato.zimmdigital.com.br\/index.php\/wp-json\/wp\/v2\/users\/1"}],"replies":[{"embeddable":true,"href":"https:\/\/vampirocandidato.zimmdigital.com.br\/index.php\/wp-json\/wp\/v2\/comments?post=127"}],"version-history":[{"count":226,"href":"https:\/\/vampirocandidato.zimmdigital.com.br\/index.php\/wp-json\/wp\/v2\/pages\/127\/revisions"}],"predecessor-version":[{"id":389,"href":"https:\/\/vampirocandidato.zimmdigital.com.br\/index.php\/wp-json\/wp\/v2\/pages\/127\/revisions\/389"}],"wp:attachment":[{"href":"https:\/\/vampirocandidato.zimmdigital.com.br\/index.php\/wp-json\/wp\/v2\/media?parent=127"}],"curies":[{"name":"wp","href":"https:\/\/api.w.org\/{rel}","templated":true}]}}